 -11 (base 2) in base 6?
-3
-1230 (base 4) to base 16
-6c
Convert 22 (base 11) to base 8.
30
Convert 0 (base 15) to base 10.
0
10 (base 4) to base 2
100
Convert -1002 (base 3) to base 13.
-23
What is 52 (base 13) in base 4?
1003
4 (base 12) to base 10
4
Convert 4 (base 14) to base 12.
4
-157 (base 10) to base 4
-2131
-10011 (base 2) to base 7
-25
Convert -44 (base 12) to base 11.
-48
What is -1101100 (base 2) in base 13?
-84
41 (base 15) to base 10
61
-5 (base 7) to base 4
-11
5d (base 14) to base 9
102
445 (base 6) to base 16
ad
What is -2 (base 12) in base 11?
-2
Convert -3 (base 14) to base 10.
-3
What is 2122 (base 3) in base 16?
47
What is -a7 (base 12) in base 15?
-87
35 (base 11) to base 4
212
Convert -1 (base 14) to base 2.
-1
What is 6 (base 12) in base 14?
6
Convert 181 (base 9) to base 4.
2122
-13 (base 9) to base 13
-c
What is -10 (base 3) in base 9?
-3
Convert -c8 (base 14) to base 8.
-260
Convert -8 (base 13) to base 3.
-22
What is -2 (base 8) in base 11?
-2
Convert 9 (base 14) to base 4.
21
Convert 7 (base 9) to base 14.
7
What is 1 (base 2) in base 6?
1
2 (base 7) to base 13
2
-10010 (base 3) to base 7
-150
20 (base 4) to base 3
22
19 (base 11) to base 13
17
Convert -3201 (base 4) to base 7.
-441
What is 62 (base 13) in base 15?
55
30 (base 9) to base 2
11011
What is 6 (base 9) in base 12?
6
What is -2 (base 9) in base 3?
-2
1 (base 2) to base 15
1
-3 (base 9) to base 5
-3
Convert 63 (base 8) to base 15.
36
-4 (base 5) to base 8
-4
Convert 0 (base 11) to base 16.
0
-9 (base 15) to base 7
-12
Convert -1 (base 16) to base 2.
-1
Convert -1 (base 5) to base 9.
-1
Convert -100001011 (base 2) to base 13.
-177
24 (base 8) to base 5
40
What is 130 (base 4) in base 7?
40
Convert -2 (base 3) to base 7.
-2
What is 10 (base 11) in base 15?
b
-85 (base 15) to base 5
-1000
Convert 11 (base 10) to base 16.
b
What is 11 (base 2) in base 13?
3
-233 (base 4) to base 2
-101111
What is -3 (base 7) in base 2?
-11
What is -75 (base 11) in base 4?
-1102
What is -2220 (base 4) in base 5?
-1133
What is -30 (base 4) in base 3?
-110
What is 1033 (base 5) in base 15?
98
Convert -14 (base 8) to base 16.
-c
What is 9 (base 11) in base 12?
9
Convert -10 (base 8) to base 6.
-12
-10 (base 2) to base 11
-2
-8 (base 11) to base 6
-12
What is 44 (base 6) in base 14?
20
Convert -7 (base 9) to base 4.
-13
Convert 314 (base 5) to base 3.
10010
Convert 4 (base 7) to base 16.
4
-11222 (base 3) to base 11
-112
213 (base 4) to base 7
54
10010000 (base 2) to base 13
b1
Convert -2003 (base 4) to base 11.
-10a
-4 (base 8) to base 3
-11
Convert 12 (base 11) to base 5.
23
Convert -11111 (base 2) to base 5.
-111
-4d (base 14) to base 8
-105
Convert 77 (base 15) to base 13.
88
Convert 44 (base 11) to base 13.
39
Convert -11 (base 5) to base 11.
-6
Convert -2 (base 11) to base 6.
-2
Convert -13 (base 8) to base 2.
-1011
What is 68 (base 12) in base 9?
88
Convert 3 (base 4) to base 12.
3
What is -25 (base 11) in base 12?
-23
What is 0 (base 12) in base 13?
0
Convert -1 (base 6) to base 7.
-1
1 (base 14) to base 8
1
Convert -330 (base 6) to base 15.
-86
What is 3 (base 12) in base 15?
3
17 (base 8) to base 4
33
-2 (base 11) to base 12
-2
Convert 20 (base 13) to base 11.
24
-156 (base 10) to base 13
-c0
Convert -101 (base 3) to base 4.
-22
a (base 14) to base 13
a
1121 (base 3) to base 14
31
18 (base 13) to base 14
17
Convert -15 (base 13) to base 5.
-33
3 (base 12) to base 5
3
Convert 55 (base 8) to base 6.
113
-76 (base 16) to base 5
-433
-11 (base 5) to base 15
-6
-102 (base 4) to base 8
-22
Convert -1 (base 3) to base 7.
-1
a (base 12) to base 5
20
What is 17 (base 14) in base 9?
23
What is 10 (base 7) in base 13?
7
Convert 4 (base 11) to base 12.
4
What is 222 (base 5) in base 4?
332
-1a (base 13) to base 16
-17
Convert -12 (base 3) to base 11.
-5
3 (base 9) to base 7
3
6 (base 8) to base 9
6
What is 2 (base 5) in base 2?
10
Convert 200 (base 3) to base 16.
12
-1a (base 12) to base 2
-10110
What is 55 (base 9) in base 5?
200
Convert 56 (base 7) to base 5.
131
0 (base 13) to base 5
0
-e (base 16) to base 6
-22
Convert -1b (base 15) to base 9.
-28
Convert 32 (base 5) to base 8.
21
What is 142 (base 5) in base 3?
1202
What is 103 (base 4) in base 8?
23
11 (base 8) to base 10
9
What is 0 (base 11) in base 3?
0
Convert -5 (base 10) to base 15.
-5
1103 (base 5) to base 7
306
Convert -1311 (base 4) to base 10.
-117
34 (base 12) to base 2
101000
10 (base 10) to base 3
101
-1a (base 11) to base 2
-10101
What is 7 (base 12) in base 3?
21
What is -55 (base 7) in base 13?
-31
0 (base 6) to base 9
0
Convert -9 (base 10) to base 8.
-11
-2 (base 7) to base 11
-2
What is 41 (base 5) in base 12?
19
What is -1010 (base 2) in base 14?
-a
Convert -1 (base 3) to base 10.
-1
What is 67 (base 14) in base 7?
160
What is -4 (base 5) in base 7?
-4
What is -140 (base 6) in base 3?
-2020
-b5 (base 15) to base 8
-252
What is -30 (base 6) in base 13?
-15
Convert -7 (base 15) to base 2.
-111
0 (base 16) to base 8
0
3 (base 9) to base 15
3
-4 (base 5) to base 16
-4
What is 210 (base 8) in base 15?
91
-5 (base 14) to base 8
-5
Convert 4 (base 5) to base 11.
4
Convert 10 (base 5) to base 9.
5
1001110 (base 2) to base 5
303
17 (base 8) to base 12
13
12 (base 12) to base 6
22
166 (base 7) to base 6
241
Convert 13 (base 10) to base 8.
15
Convert -10 (base 7) to base 14.
-7
-1 (base 6) to base 15
-1
Convert 12 (base 15) to base 13.
14
Convert -2 (base 12) to base 9.
-2
What is 68 (base 9) in base 7?
116
4 (base 12) to base 11
4
32 (base 6) to base 16
14
Convert -104 (base 5) to base 7.
-41
-7 (base 10) to base 16
-7
2 (base 3) to base 10
2
What is 1 (base 7) in base 16?
1
23 (base 12) to base 11
25
What is -4 (base 12) in base 16?
-4
Convert 1 (base 8) to base 16.
1
What is -3 (base 5) in base 4?
-3
What is -20 (base 9) in base 10?
-18
What is -193 (base 15) in base 14?
-1bd
4 (base 9) to base 14
4
Convert -11 (base 2) to base 15.
-3
What is -3 (base 13) in base 8?
-3
10 (base 16) to base 10
16
-3 (base 15) to base 10
-3
Convert 11 (base 10) to base 8.
13
Convert 111000 (base 2) to base 13.
44
Convert 35 (base 7) to base 6.
42
-36 (base 15) to base 8
-63
What is 4 (base 14) in base 11?
4
What is -14 (base 5) in base 13?
-9
What is 2 (base 10) in base 5?
2
-8 (base 12) to base 10
-8
What is -b (base 14) in base 8?
-13
What is 2 (base 11) in base 7?
2
What is -7 (base 11) in base 6?
-11
What is -13 (base 6) in base 16?
-9
What is 58 (base 10) in base 11?
53
What is 8 (base 12) in base 16?
8
What is -c (base 15) in base 10?
-12
-2 (base 3) to base 9
-2
Convert 2 (base 8) to base 13.
2
What is -112 (base 4) in base 3?
-211
31 (base 12) to base 16
25
-1 (base 14) to base 12
-1
Convert -3 (base 12) to base 10.
-3
What is 15 (base 7) in base 15?
c
What is 101 (base 6) in base 5?
122
-3 (base 11) to base 14
-3
1 (base 4) to base 2
1
What is 1 (base 4) in base 10?
1
What is 10 (base 10) in base 8?
12
What is 75 (base 10) in base 2?
1001011
Convert 110 (base 2) to base 4.
12
Convert 13a (base 11) to base 9.
202
What is 245 (base 6) in base 11?
92
What is b8 (base 14) in base 12?
116
Convert 8 (base 16) to base 8.
10
46 (base 12) to base 4
312
Convert -11111 (base 2) to base 3.
-1011
3 (base 10) to base 6
3
Convert -1 (base 14) to base 7.
-1
What is 36 (base 15) in base 16?
33
What is 1 (base 5) in base 8?
1
-14 (base 7) to base 6
-15
What is 0 (base 6) in base 7?
0
What is 11 (base 3) in base 7?
4
Convert 3 (base 6) to base 13.
3
2 (base 9) to base 12
2
-14 (base 9) to base 3
-111
Convert 52 (base 10) to base 8.
64
3 (base 16) to base 12
3
What is 80 (base 12) in base 7?
165
What is 5b (base 14) in base 2?
1010001
What is -111 (base 4) in base 9?
-23
What is -1 (base 14) in base 16?
-1
What is -2 (base 10) in base 11?
-2
-42 (base 6) to base 16
-1a
-7a (base 12) to base 15
-64
-5 (base 16) to base 15
-5
-21 (base 3) to base 11
-7
-2 (base 13) to base 11
-2
Convert 14 (base 7) to base 16.
b
172 (base 11) to base 4
3020
What is -330 (base 6) in base 8?
-176
What is 2110 (base 3) in base 2?
1000010
Convert -21 (base 5) to base 10.
-11
What is -21 (base 12) in base 13?
-1c
16 (base 13) to base 4
103
97 (base 13) to base 5
444
Convert 19 (base 11) to base 5.
40
-4 (base 12) to base 16
-4
38 (base 14) to base 16
32
What is 